r of 2 and 390814.
2
Calculate the greatest common divisor of 296783 and 719965.
463
What is the highest common divisor of 12 and 76854384?
12
Calculate the highest common divisor of 257671296 and 192.
192
What is the greatest common factor of 320 and 33158880?
160
Calculate the greatest common factor of 180070 and 394900.
110
What is the greatest common factor of 32 and 3001440928?
32
Calculate the greatest common factor of 308627268 and 1272.
636
What is the highest common factor of 937989 and 17044142?
8017
What is the highest common factor of 217202 and 26?
2
Calculate the greatest common factor of 245 and 2200541.
49
Calculate the highest common factor of 70655 and 423943.
13
What is the greatest common factor of 231921 and 38768931?
3177
What is the highest common divisor of 751 and 29248446?
751
Calculate the greatest common divisor of 2690 and 39728610.
2690
What is the greatest common factor of 226918 and 6?
2
What is the highest common factor of 8092 and 11058296?
1156
Calculate the greatest common divisor of 462 and 32315250.
66
What is the highest common factor of 67606 and 90873?
439
Calculate the highest common divisor of 1188070989 and 3739.
3739
What is the highest common factor of 6490073 and 544?
17
Calculate the greatest common divisor of 738 and 4076466.
246
What is the greatest common divisor of 14 and 337469643?
7
What is the greatest common divisor of 2784 and 3270156?
348
What is the highest common divisor of 624 and 43027920?
624
Calculate the highest common divisor of 32 and 89137104.
16
Calculate the greatest common divisor of 95352 and 46284.
348
Calculate the highest common divisor of 1965 and 676233.
3
What is the greatest common divisor of 1471490 and 3280?
410
Calculate the greatest common divisor of 182 and 130949.
91
What is the greatest common factor of 5040 and 11548320?
1680
What is the highest common divisor of 58 and 2090220965?
29
What is the greatest common divisor of 1514550 and 29325?
1725
What is the greatest common factor of 1360827 and 9126?
351
Calculate the greatest common factor of 6252642 and 1276.
22
What is the greatest common divisor of 266132 and 4752?
4
Calculate the greatest common divisor of 245 and 52805.
5
Calculate the highest common divisor of 111214522 and 15272.
3818
What is the greatest common factor of 558 and 472482?
18
What is the highest common divisor of 1173 and 51210443?
391
What is the highest common factor of 18156915 and 147?
21
What is the greatest common divisor of 126 and 172110?
6
What is the greatest common divisor of 139253 and 128?
1
What is the greatest common factor of 35348456 and 943800?
12584
Calculate the highest common divisor of 301 and 80729877.
43
Calculate the greatest common divisor of 196 and 19530763.
49
Calculate the greatest common factor of 16 and 391900024.
8
What is the highest common divisor of 1232800582 and 338?
338
Calculate the highest common divisor of 2304 and 571497984.
2304
Calculate the greatest common divisor of 560 and 13192060.
140
What is the greatest common factor of 6254460 and 360?
180
What is the greatest common divisor of 2171 and 9152769?
167
Calculate the highest common divisor of 133070699 and 19.
19
Calculate the greatest common factor of 448728 and 11886.
42
Calculate the highest common divisor of 11744244 and 355619.
2939
Calculate the greatest common divisor of 92478904 and 14.
14
Calculate the highest common factor of 48421633 and 247.
247
Calculate the greatest common factor of 204 and 6189445.
17
What is the greatest common divisor of 70 and 8265200?
10
What is the highest common factor of 628714251 and 671?
671
Calculate the highest common divisor of 2734064 and 2568.
856
Calculate the highest common divisor of 1924 and 3354052.
52
Calculate the greatest common divisor of 208250568 and 159.
159
Calculate the highest common divisor of 6 and 542459622.
6
Calculate the highest common factor of 1259351 and 873.
97
What is the greatest common factor of 750182080 and 80?
80
Calculate the highest common divisor of 343045552 and 5152.
368
What is the highest common factor of 242736 and 49062?
78
Calculate the highest common factor of 26055 and 17685.
135
What is the greatest common factor of 21398 and 15887192?
1646
Calculate the greatest common divisor of 5565 and 2161605.
795
What is the greatest common divisor of 35512299 and 7935?
1587
What is the greatest common factor of 32 and 30256096?
32
What is the greatest common divisor of 5815800 and 612?
36
Calculate the highest common divisor of 16 and 146140.
4
What is the greatest common divisor of 14594356 and 57?
19
Calculate the greatest common divisor of 1292770 and 6830.
10
What is the highest common factor of 60 and 210141960?
60
Calculate the highest common factor of 4707120 and 15840.
2640
What is the greatest common divisor of 10 and 289642825?
5
Calculate the greatest common factor of 782 and 1947940886.
782
What is the highest common divisor of 49818268 and 8?
4
Calculate the highest common divisor of 10668525 and 150.
75
What is the greatest common factor of 79 and 248190508?
79
Calculate the greatest common divisor of 18192040 and 2480.
1240
What is the highest common divisor of 107489 and 256144?
2287
Calculate the highest common factor of 2043726 and 26162.
206
Calculate the greatest common divisor of 90361370 and 5.
5
What is the greatest common factor of 73246 and 1723354?
1382
What is the highest common divisor of 5642007 and 2058?
1029
What is the highest common divisor of 277246 and 1493162?
134
What is the highest common factor of 189 and 1239041286?
189
What is the highest common divisor of 480 and 8730980?
20
Calculate the highest common divisor of 56 and 26252268.
28
What is the highest common divisor of 174892402 and 236?
118
Calculate the highest common divisor of 45 and 319910.
5
Calculate the greatest common factor of 655900 and 12442423.
6559
Calculate the highest common divisor of 48334 and 1049659.
169
What is the highest common divisor of 777362832 and 46?
46
What is the greatest common divisor of 75 and 709255?
5
What is the greatest common factor of 8672300 and 205848?
3812
What is the highest common divisor of 9195 and 8373580?
3065
What is the highest common divisor of 196 and 14844991?
49
What is the greatest common factor of 818058498 and 159?
159
Calculate the greatest common factor of 795 and 33784635.
15
Calculate the greatest common divisor of 1663113278 and 4846.
4846
What is the highest common divisor of 393375 and 1455?
15
Calculate the greatest common factor of 37382954 and 336.
14
Calculate the greatest common divisor of 23028075 and 252.
63
Calculate the highest common factor of 83099732 and 487.
487
Calculate the highest common divisor of 18 and 44196780.
6
What is the greatest common divisor of 10565088 and 4008?
4008
What is the greatest common divisor of 3885 and 207330?
15
Calculate the greatest common factor of 1225479723 and 39.
39
What is the greatest common divisor of 18823430 and 367?
367
Calculate the greatest common divisor of 24 and 47167128.
24
What is the greatest common factor of 1315244 and 6848?
428
Calculate the highest common divisor of 180 and 1766916.
36
What is the highest common divisor of 4188844 and 2464?
44
What is the greatest common factor of 275188 and 12429840?
3092
Calculate the highest common divisor of 34600 and 7180.
20
Calculate the greatest common divisor of 57 and 56574.
3
What is the greatest common factor of 287595 and 2589510?
1155
What is the highest common factor of 10412 and 2325874208?
10412
Calculate the highest common factor of 30 and 678663390.
30
Calculate the greatest common factor of 265 and 679331051.
53
Calculate the greatest common factor of 6244 and 5234033.
1561
What is the highest common divisor of 333161676 and 4198?
4198
Calculate the highest common divisor of 2734006 and 973346.
3322
Calculate the highest common divisor of 129012 and 47892.
156
Calculate the greatest common factor of 2044 and 31560382.
1022
Calculate the highest common factor of 1219312 and 244.
4
Calculate the greatest common divisor of 20146534 and 3368.
842
What is the highest common divisor of 10261174 and 3542?
3542
Calculate the greatest common divisor of 45413463 and 1830.
183
Calculate th